r?
False
Is 3031031 a prime number?
True
Is 2669791 prime?
False
Is 2847857 a prime number?
False
Is 22340939 a composite number?
False
Is 117884111 prime?
False
Is 33295601 prime?
True
Is 273357367 a prime number?
False
Is 55693829 a prime number?
True
Is 10140227 a prime number?
False
Is 6877109 a composite number?
False
Is 8375513 a composite number?
False
Is 48693011 composite?
False
Is 3243686 composite?
True
Is 721178 a prime number?
False
Is 207299489 a composite number?
True
Is 39268627 prime?
True
Is 1352257 a composite number?
False
Is 12029359 composite?
True
Is 189783569 a prime number?
False
Is 4446721 composite?
False
Is 160894963 a composite number?
False
Is 13113509 a prime number?
True
Is 13795003 composite?
True
Is 773218 prime?
False
Is 1700719 composite?
False
Is 220101373 a composite number?
True
Is 49129247 composite?
False
Is 26022433 composite?
True
Is 76623011 composite?
True
Is 42138937 composite?
True
Is 4231349 composite?
True
Is 9913751 a composite number?
True
Is 3369413 composite?
True
Is 5660561 composite?
False
Is 24278167 prime?
True
Is 262128827 a composite number?
True
Is 9981599 composite?
False
Is 2763419 prime?
False
Is 148745866 a composite number?
True
Is 267706438 a prime number?
False
Is 231394747 prime?
False
Is 433100219 a composite number?
True
Is 1937389 a prime number?
True
Is 19076371 a composite number?
False
Is 24905963 a composite number?
False
Is 7314869 composite?
False
Is 45429523 composite?
True
Is 37392989 prime?
True
Is 1150909 a composite number?
False
Is 7137013 a composite number?
True
Is 21726983 a composite number?
True
Is 14113427 prime?
False
Is 36735107 a composite number?
False
Is 331801 prime?
True
Is 15631753 a composite number?
True
Is 584117785 prime?
False
Is 22464503 prime?
True
Is 530410211 prime?
False
Is 4172501 composite?
True
Is 7544323 a composite number?
False
Is 14518585 composite?
True
Is 297444649 a composite number?
True
Is 1610617 a prime number?
False
Is 4938341 prime?
True
Is 250853399 a prime number?
False
Is 75277627 a prime number?
True
Is 1034669 a prime number?
False
Is 20945789 prime?
True
Is 4637677 a composite number?
True
Is 58031077 a composite number?
True
Is 6420089 a composite number?
True
Is 4645217 a composite number?
True
Is 89324951 composite?
True
Is 1156303 a prime number?
True
Is 32157123 a prime number?
False
Is 386593 a composite number?
True
Is 304369961 composite?
True
Is 3230791 composite?
False
Is 4920863 a prime number?
False
Is 118067 a composite number?
True
Is 1148561 composite?
False
Is 5456897 composite?
False
Is 5923369 prime?
True
Is 22201141 a prime number?
False
Is 65507957 composite?
False
Is 35075969 a prime number?
True
Is 3131771 prime?
True
Is 1381500791 composite?
True
Is 1379383 prime?
True
Is 19248967 a composite number?
True
Is 52722547 a prime number?
True
Is 112253081 prime?
True
Is 58622867 prime?
False
Is 295262587 composite?
True
Is 76914577 composite?
False
Is 4131539 a composite number?
False
Is 31079813 a composite number?
True
Is 75076735 a prime number?
False
Is 97259147 composite?
False
Is 9559673 a composite number?
True
Is 279985 prime?
False
Is 13311611 a prime number?
True
Is 415766267 a composite number?
True
Is 3826006 composite?
True
Is 5237807 prime?
False
Is 2639389 a prime number?
True
Is 840215 a composite number?
True
Is 7693837 a prime number?
True
Is 114665669 prime?
True
Is 748154321 prime?
True
Is 1819109 a composite number?
False
Is 13850531 a composite number?
True
Is 5843477 a composite number?
False
Is 203237 a prime number?
False
Is 921845 prime?
False
Is 4069193 a composite number?
True
Is 36946867 prime?
False
Is 2902103 a prime number?
False
Is 446053409 composite?
False
Is 2442047 a composite number?
False
Is 145961483 prime?
True
Is 66770119 a prime number?
False
Is 10908131 composite?
True
Is 7918153 a prime number?
True
Is 17691571 composite?
False
Is 1427479 composite?
False
Is 22350401 prime?
True
Is 5424847 a composite number?
False
Is 12044291 prime?
False
Is 16049477 prime?
True
Is 22968889 a composite number?
False
Is 928253 composite?
False
Is 44792633 prime?
False
Is 14778667 prime?
True
Is 3755771 a prime number?
False
Is 130871189 a composite number?
True
Is 489941 prime?
True
Is 556063 a prime number?
False
Is 5055103 a composite number?
True
Is 15602533 composite?
True
Is 4878359 composite?
True
Is 5994169 a prime number?
True
Is 39946169 prime?
True
Is 2778401 a composite number?
False
Is 3317117 prime?
True
Is 1833239 a prime number?
False
Is 667849321 a composite number?
True
Is 16613783 composite?
True
Is 1460413 a prime number?
True
Is 3038459 composite?
False
Is 1573657 a composite number?
True
Is 7355573 a prime number?
True
Is 685407629 prime?
False
Is 31696991 prime?
True
Is 777769 a composite number?
False
Is 2884501 a composite number?
True
Is 14839465 a composite number?
True
Is 1713094 composite?
True
Is 1128061 a composite number?
True
Is 175296203 prime?
True
Is 100568497 composite?
False
Is 20970437 composite?
True
Is 1239067 composite?
False
Is 34613633 prime?
False
Is 508709 a composite number?
False
Is 63617711 a composite number?
False
Is 31219 prime?
True
Is 501257 prime?
True
Is 2339581 composite?
False
Is 125219 a prime number?
True
Is 22628773 composite?
False
Is 1704525401 a prime number?
True
Is 486527 composite?
False
Is 282597107 a composite number?
True
Is 3720863 a composite number?
True
Is 740801 composite?
False
Is 483401573 a prime number?
False
Is 696239 prime?
True
Is 2927221 a composite number?
True
Is 3849721 prime?
False
Is 2849061 a prime number?
False
Is 8825107 a prime number?
True
Is 380041 a composite number?
False
Is 2581427 prime?
False
Is 293063 prime?
False
Is 15804055 a composite number?
True
Is 180447445 composite?
True
Is 152861333 prime?
True
Is 1432191851 prime?
True
Is 6893981 composite?
True
Is 20623231 a composite number?
False
Is 503039 composite?
False
Is 7630757 a composite number?
False
Is 23676571 composite?
False
Is 3089753 a prime number?
True
Is 30952357 composite?
False
Is 67018031 a composite number?
True
Is 6838043 composite?
True
Is 5918069 composite?
True
Is 21089381 composite?
False
Is 78220457 a prime number?
False
Is 23564353 a composite number?
True
Is 13726849 composite?
False
Is 837194 prime?
False
Is 12169007 prime?
False
Is 83813 a composite number?
False
Is 28463 a prime number?
True
Is 39761 composite?
False
Is 7297105 a composite number?
True
Is 106449101 a prime number?
False
Is 4251691 a composite number?
False
Is 119076457 a composite number?
False
Is 31778981 a composite number?
True
Is 143313187 a prime number?
True
Is 9854987 a prime number?
False
Is 9992861 a prime number?
True
Is 406481 a composite number?
False
Is 5480249 a prime number?
True
Is 4717661 a composite number?
True
Is 3623069 prime?
True
Is 40756711 a composite number?
False
Is 1029573661 prime?
True
Is 20279357 composite?
True
Is 20532001 prime?
False
Is 587472997 prime?
True
Is 6125827 a prime number?
False
Is 40973 a composite number?
False
Is 127099573 composite?
False
Is 20715787 prime?
True
Is 761682701 prime?
False
Is 182546171 prime?
False
Is 784153 a prime number?
True
Is 46842707 a composite number?
False
Is 18920047 composite?
False
Is 31549426 composite?
True
Is 200716483 prime?
False
Is 60328639 composite?
True
Is 9405061 a composite number?
False
Is 983233 prime?
True
Is 9281921 a composite number?
True
Is 2242379 a composite number?
False
Is 119040667 composite?
True
Is 213462749 a prime number?
True
Is 4353949 composite?
False
Is 147281555 a prime number?
False
Is 244234519 a prime number?
True
Is 46737149 a prime number?
False
Is 1792261 a composite number?
True
Is 31296911 composite?
True
Is 6260869 a prime number?
True
Is 47854897 prime?
True
Is 14566733 composite?
False
Is 563428555 a composite number?
True
Is 8394857 a prime number?
False
Is 233985187 a composite number?
True
Is 124656307 prime?
False
Is 8098257 a composite number?
True
Is 20343265 composite?
True
Is 53026307 composite?
False
Is 65659301 a prime number?
False
Is 857809 a prime number?
True
Is 53813659 a composite number?
False
Is 160105741 prime?
True
Is 3107679 a composite number?
True
Is 104140831 a composite number?
Fal